{"id":807,"date":"2019-02-17T10:50:39","date_gmt":"2019-02-17T09:50:39","guid":{"rendered":"https:\/\/richemont.swiss\/entreprise\/ecole-professionnelle\/organisation\/"},"modified":"2026-04-24T14:31:20","modified_gmt":"2026-04-24T12:31:20","slug":"organisation","status":"publish","type":"page","link":"https:\/\/richemont.swiss\/fr\/entreprise\/organisation\/","title":{"rendered":"Nous nous pr\u00e9sentons"},"content":{"rendered":"\n<p>Richemont se constitue de deux entreprises juridiquement ind\u00e9pendantes.<\/p>\n\n\n\n<p>La&nbsp;<strong>fondation Richemont<\/strong>&nbsp;qui comprend l\u2019entier de la <a href=\"https:\/\/richemont.swiss\/fr\/education\/\">formation de base et continue<\/a>, la <a href=\"https:\/\/richemont-gastro.ch\/\">gastronomie<\/a> et le secteur h\u00f4telier ainsi que le <a href=\"https:\/\/richemont.swiss\/fr\/prestations\/gestion-de-la-qualite\/\">gestion de la qualit\u00e9<\/a> des mati\u00e8res premi\u00e8re et des produits.<\/p>\n\n\n\n<p>La&nbsp;<strong>SA de prestations Richemont<\/strong>&nbsp;se compose de sa propre maison d\u2019\u00e9dition avec les <a href=\"https:\/\/richemont.swiss\/fr\/product-category\/livres\/\">livres<\/a>, le <a href=\"https:\/\/richemont.swiss\/fr\/product-category\/materiel-didactique\/\">mat\u00e9riel didactique<\/a>, le <a href=\"https:\/\/richemont.swiss\/fr\/product-category\/bulletin-professionnel\/\">Bulletin Richemont<\/a>, les brochures, des logiciels et un <a href=\"https:\/\/richemont.swiss\/fr\/prestations\/\">service<\/a> de renseignement \u00e9tendu.<\/p>\n\n\n\n<p>Le capital de la fondation ainsi que le capital en actions appartiennent enti\u00e8rement (100%) \u00e0 l\u2019<a href=\"https:\/\/www.swissbaker.ch\/fr\/sbc-home\/\">Association suisse des patrons boulangers-confiseurs<\/a> (SBC).<br><\/p>\n\n\n\n<div class=\"wp-block-file\"><a id=\"wp-block-file--media-142045ea-ca6e-427c-bf1c-bfe41edaf2c5\" href=\"https:\/\/richemont.swiss\/wp-content\/uploads\/2026\/04\/richemont-centre-de-competences-organigramme.pdf\">Organigramme<\/a><a href=\"https:\/\/richemont.swiss\/wp-content\/uploads\/2026\/04\/richemont-centre-de-competences-organigramme.pdf\" class=\"wp-block-file__button wp-element-button\" download aria-describedby=\"wp-block-file--media-142045ea-ca6e-427c-bf1c-bfe41edaf2c5\">Herunterladen<\/a><\/div>\n\n\n\n<p><\/p>\n","protected":false},"excerpt":{"rendered":"<p>Richemont se constitue de deux entreprises juridiquement ind\u00e9pendantes. La&nbsp;fondation Richemont&nbsp;qui comprend l\u2019entier de la formation de base et continue, la gastronomie et le secteur h\u00f4telier ainsi que le gestion de la qualit\u00e9 des mati\u00e8res premi\u00e8re et des produits. La&nbsp;SA de prestations Richemont&nbsp;se compose de sa propre maison d\u2019\u00e9dition avec les livres, le mat\u00e9riel didactique, le [&hellip;]<\/p>\n","protected":false},"author":1,"featured_media":40706,"parent":773,"menu_order":200,"comment_status":"closed","ping_status":"closed","template":"page-team.php","meta":{"_acf_changed":false,"footnotes":""},"class_list":["post-807","page","type-page","status-publish","has-post-thumbnail","hentry"],"acf":[],"yoast_head":"<!-- This site is optimized with the Yoast SEO Premium plugin v26.7 (Yoast SEO v26.7) - https:\/\/yoast.com\/wordpress\/plugins\/seo\/ -->\n<title>Organisation - Nous nous pr\u00e9sentons - Richemont \u00e9cole professionnelle<\/title>\n<meta name=\"description\" content=\"Organisation: Richemont se compose de deux soci\u00e9t\u00e9s juridiquement ind\u00e9pendantes - Fondation Richemont et Richemont prestations SA.\" \/>\n<meta name=\"robots\" content=\"index, follow, max-snippet:-1, max-image-preview:large, max-video-preview:-1\" \/>\n<link rel=\"canonical\" href=\"https:\/\/richemont.swiss\/fr\/entreprise\/organisation\/\" \/>\n<meta property=\"og:locale\" content=\"fr_FR\" \/>\n<meta property=\"og:type\" content=\"article\" \/>\n<meta property=\"og:title\" content=\"Nous nous pr\u00e9sentons\" \/>\n<meta property=\"og:description\" content=\"Organisation: Richemont se compose de deux soci\u00e9t\u00e9s juridiquement ind\u00e9pendantes - Fondation Richemont et Richemont prestations SA.\" \/>\n<meta property=\"og:url\" content=\"https:\/\/richemont.swiss\/fr\/entreprise\/organisation\/\" \/>\n<meta property=\"og:site_name\" content=\"Richemont\" \/>\n<meta property=\"article:modified_time\" content=\"2026-04-24T12:31:20+00:00\" \/>\n<meta property=\"og:image\" content=\"https:\/\/richemont.swiss\/wp-content\/uploads\/2022\/10\/richemont_unternehmen_fachschule_49-scaled.jpg\" \/>\n\t<meta property=\"og:image:width\" content=\"2560\" \/>\n\t<meta property=\"og:image:height\" content=\"1072\" \/>\n\t<meta property=\"og:image:type\" content=\"image\/jpeg\" \/>\n<meta name=\"twitter:card\" content=\"summary_large_image\" \/>\n<meta name=\"twitter:label1\" content=\"Dur\u00e9e de lecture estim\u00e9e\" \/>\n\t<meta name=\"twitter:data1\" content=\"1 minute\" \/>\n<script type=\"application\/ld+json\" class=\"yoast-schema-graph\">{\"@context\":\"https:\/\/schema.org\",\"@graph\":[{\"@type\":\"WebPage\",\"@id\":\"https:\/\/richemont.swiss\/fr\/entreprise\/organisation\/\",\"url\":\"https:\/\/richemont.swiss\/fr\/entreprise\/organisation\/\",\"name\":\"Organisation - Nous nous pr\u00e9sentons - Richemont \u00e9cole professionnelle\",\"isPartOf\":{\"@id\":\"https:\/\/richemont.swiss\/fr\/#website\"},\"primaryImageOfPage\":{\"@id\":\"https:\/\/richemont.swiss\/fr\/entreprise\/organisation\/#primaryimage\"},\"image\":{\"@id\":\"https:\/\/richemont.swiss\/fr\/entreprise\/organisation\/#primaryimage\"},\"thumbnailUrl\":\"https:\/\/richemont.swiss\/wp-content\/uploads\/2022\/10\/richemont_unternehmen_fachschule_49-scaled.jpg\",\"datePublished\":\"2019-02-17T09:50:39+00:00\",\"dateModified\":\"2026-04-24T12:31:20+00:00\",\"description\":\"Organisation: Richemont se compose de deux soci\u00e9t\u00e9s juridiquement ind\u00e9pendantes - Fondation Richemont et Richemont prestations SA.\",\"breadcrumb\":{\"@id\":\"https:\/\/richemont.swiss\/fr\/entreprise\/organisation\/#breadcrumb\"},\"inLanguage\":\"fr-FR\",\"potentialAction\":[{\"@type\":\"ReadAction\",\"target\":[\"https:\/\/richemont.swiss\/fr\/entreprise\/organisation\/\"]}]},{\"@type\":\"ImageObject\",\"inLanguage\":\"fr-FR\",\"@id\":\"https:\/\/richemont.swiss\/fr\/entreprise\/organisation\/#primaryimage\",\"url\":\"https:\/\/richemont.swiss\/wp-content\/uploads\/2022\/10\/richemont_unternehmen_fachschule_49-scaled.jpg\",\"contentUrl\":\"https:\/\/richemont.swiss\/wp-content\/uploads\/2022\/10\/richemont_unternehmen_fachschule_49-scaled.jpg\",\"width\":2560,\"height\":1072},{\"@type\":\"BreadcrumbList\",\"@id\":\"https:\/\/richemont.swiss\/fr\/entreprise\/organisation\/#breadcrumb\",\"itemListElement\":[{\"@type\":\"ListItem\",\"position\":1,\"name\":\"Home\",\"item\":\"https:\/\/richemont.swiss\/fr\/\"},{\"@type\":\"ListItem\",\"position\":2,\"name\":\"Richemont centre de comp\u00e9tences\",\"item\":\"https:\/\/richemont.swiss\/fr\/entreprise\/\"},{\"@type\":\"ListItem\",\"position\":3,\"name\":\"Nous nous pr\u00e9sentons\"}]},{\"@type\":\"WebSite\",\"@id\":\"https:\/\/richemont.swiss\/fr\/#website\",\"url\":\"https:\/\/richemont.swiss\/fr\/\",\"name\":\"Richemont\",\"description\":\"\",\"potentialAction\":[{\"@type\":\"SearchAction\",\"target\":{\"@type\":\"EntryPoint\",\"urlTemplate\":\"https:\/\/richemont.swiss\/fr\/?s={search_term_string}\"},\"query-input\":{\"@type\":\"PropertyValueSpecification\",\"valueRequired\":true,\"valueName\":\"search_term_string\"}}],\"inLanguage\":\"fr-FR\"}]}<\/script>\n<!-- \/ Yoast SEO Premium plugin. -->","yoast_head_json":{"title":"Organisation - Nous nous pr\u00e9sentons - Richemont \u00e9cole professionnelle","description":"Organisation: Richemont se compose de deux soci\u00e9t\u00e9s juridiquement ind\u00e9pendantes - Fondation Richemont et Richemont prestations SA.","robots":{"index":"index","follow":"follow","max-snippet":"max-snippet:-1","max-image-preview":"max-image-preview:large","max-video-preview":"max-video-preview:-1"},"canonical":"https:\/\/richemont.swiss\/fr\/entreprise\/organisation\/","og_locale":"fr_FR","og_type":"article","og_title":"Nous nous pr\u00e9sentons","og_description":"Organisation: Richemont se compose de deux soci\u00e9t\u00e9s juridiquement ind\u00e9pendantes - Fondation Richemont et Richemont prestations SA.","og_url":"https:\/\/richemont.swiss\/fr\/entreprise\/organisation\/","og_site_name":"Richemont","article_modified_time":"2026-04-24T12:31:20+00:00","og_image":[{"width":2560,"height":1072,"url":"https:\/\/richemont.swiss\/wp-content\/uploads\/2022\/10\/richemont_unternehmen_fachschule_49-scaled.jpg","type":"image\/jpeg"}],"twitter_card":"summary_large_image","twitter_misc":{"Dur\u00e9e de lecture estim\u00e9e":"1 minute"},"schema":{"@context":"https:\/\/schema.org","@graph":[{"@type":"WebPage","@id":"https:\/\/richemont.swiss\/fr\/entreprise\/organisation\/","url":"https:\/\/richemont.swiss\/fr\/entreprise\/organisation\/","name":"Organisation - Nous nous pr\u00e9sentons - Richemont \u00e9cole professionnelle","isPartOf":{"@id":"https:\/\/richemont.swiss\/fr\/#website"},"primaryImageOfPage":{"@id":"https:\/\/richemont.swiss\/fr\/entreprise\/organisation\/#primaryimage"},"image":{"@id":"https:\/\/richemont.swiss\/fr\/entreprise\/organisation\/#primaryimage"},"thumbnailUrl":"https:\/\/richemont.swiss\/wp-content\/uploads\/2022\/10\/richemont_unternehmen_fachschule_49-scaled.jpg","datePublished":"2019-02-17T09:50:39+00:00","dateModified":"2026-04-24T12:31:20+00:00","description":"Organisation: Richemont se compose de deux soci\u00e9t\u00e9s juridiquement ind\u00e9pendantes - Fondation Richemont et Richemont prestations SA.","breadcrumb":{"@id":"https:\/\/richemont.swiss\/fr\/entreprise\/organisation\/#breadcrumb"},"inLanguage":"fr-FR","potentialAction":[{"@type":"ReadAction","target":["https:\/\/richemont.swiss\/fr\/entreprise\/organisation\/"]}]},{"@type":"ImageObject","inLanguage":"fr-FR","@id":"https:\/\/richemont.swiss\/fr\/entreprise\/organisation\/#primaryimage","url":"https:\/\/richemont.swiss\/wp-content\/uploads\/2022\/10\/richemont_unternehmen_fachschule_49-scaled.jpg","contentUrl":"https:\/\/richemont.swiss\/wp-content\/uploads\/2022\/10\/richemont_unternehmen_fachschule_49-scaled.jpg","width":2560,"height":1072},{"@type":"BreadcrumbList","@id":"https:\/\/richemont.swiss\/fr\/entreprise\/organisation\/#breadcrumb","itemListElement":[{"@type":"ListItem","position":1,"name":"Home","item":"https:\/\/richemont.swiss\/fr\/"},{"@type":"ListItem","position":2,"name":"Richemont centre de comp\u00e9tences","item":"https:\/\/richemont.swiss\/fr\/entreprise\/"},{"@type":"ListItem","position":3,"name":"Nous nous pr\u00e9sentons"}]},{"@type":"WebSite","@id":"https:\/\/richemont.swiss\/fr\/#website","url":"https:\/\/richemont.swiss\/fr\/","name":"Richemont","description":"","potentialAction":[{"@type":"SearchAction","target":{"@type":"EntryPoint","urlTemplate":"https:\/\/richemont.swiss\/fr\/?s={search_term_string}"},"query-input":{"@type":"PropertyValueSpecification","valueRequired":true,"valueName":"search_term_string"}}],"inLanguage":"fr-FR"}]}},"_links":{"self":[{"href":"https:\/\/richemont.swiss\/fr\/wp-json\/wp\/v2\/pages\/807","targetHints":{"allow":["GET"]}}],"collection":[{"href":"https:\/\/richemont.swiss\/fr\/wp-json\/wp\/v2\/pages"}],"about":[{"href":"https:\/\/richemont.swiss\/fr\/wp-json\/wp\/v2\/types\/page"}],"author":[{"embeddable":true,"href":"https:\/\/richemont.swiss\/fr\/wp-json\/wp\/v2\/users\/1"}],"replies":[{"embeddable":true,"href":"https:\/\/richemont.swiss\/fr\/wp-json\/wp\/v2\/comments?post=807"}],"version-history":[{"count":0,"href":"https:\/\/richemont.swiss\/fr\/wp-json\/wp\/v2\/pages\/807\/revisions"}],"up":[{"embeddable":true,"href":"https:\/\/richemont.swiss\/fr\/wp-json\/wp\/v2\/pages\/773"}],"wp:featuredmedia":[{"embeddable":true,"href":"https:\/\/richemont.swiss\/fr\/wp-json\/wp\/v2\/media\/40706"}],"wp:attachment":[{"href":"https:\/\/richemont.swiss\/fr\/wp-json\/wp\/v2\/media?parent=807"}],"curies":[{"name":"wp","href":"https:\/\/api.w.org\/{rel}","templated":true}]}}

Nous nous présentons

<p>Richemont se constitue de deux entreprises juridiquement indépendantes.</p>



<p>La&nbsp;<strong>fondation Richemont</strong>&nbsp;qui comprend l’entier de la <a href="https://richemont.swiss/fr/education/">formation de base et continue</a>, la <a href="https://richemont-gastro.ch/">gastronomie</a> et le secteur hôtelier ainsi que le <a href="https://richemont.swiss/fr/prestations/gestion-de-la-qualite/">gestion de la qualité</a> des matières première et des produits.</p>



<p>La&nbsp;<strong>SA de prestations Richemont</strong>&nbsp;se compose de sa propre maison d’édition avec les <a href="https://richemont.swiss/fr/product-category/livres/">livres</a>, le <a href="https://richemont.swiss/fr/product-category/materiel-didactique/">matériel didactique</a>, le <a href="https://richemont.swiss/fr/product-category/bulletin-professionnel/">Bulletin Richemont</a>, les brochures, des logiciels et un <a href="https://richemont.swiss/fr/prestations/">service</a> de renseignement étendu.</p>



<p>Le capital de la fondation ainsi que le capital en actions appartiennent entièrement (100%) à l’<a href="https://www.swissbaker.ch/fr/sbc-home/">Association suisse des patrons boulangers-confiseurs</a> (SBC).<br></p>



<div class="wp-block-file"><a id="wp-block-file--media-142045ea-ca6e-427c-bf1c-bfe41edaf2c5" href="https://richemont.swiss/wp-content/uploads/2026/04/richemont-centre-de-competences-organigramme.pdf">Organigramme</a><a href="https://richemont.swiss/wp-content/uploads/2026/04/richemont-centre-de-competences-organigramme.pdf" class="wp-block-file__button wp-element-button" download aria-describedby="wp-block-file--media-142045ea-ca6e-427c-bf1c-bfe41edaf2c5">Herunterladen</a></div>



<p></p>

<p>Richemont se constitue de deux entreprises juridiquement indépendantes. La&nbsp;fondation Richemont&nbsp;qui comprend l’entier de la formation de base et continue, la gastronomie et le secteur hôtelier ainsi que le gestion de la qualité des matières première et des produits. La&nbsp;SA de prestations Richemont&nbsp;se compose de sa propre maison d’édition avec les livres, le matériel didactique, le [&hellip;]</p>

<!-- This site is optimized with the Yoast SEO Premium plugin v26.7 (Yoast SEO v26.7) - https://yoast.com/wordpress/plugins/seo/ -->
<title>Organisation - Nous nous présentons - Richemont école professionnelle</title>
<meta name="description" content="Organisation: Richemont se compose de deux sociétés juridiquement indépendantes - Fondation Richemont et Richemont prestations SA." />
<meta name="robots" content="index, follow, max-snippet:-1, max-image-preview:large, max-video-preview:-1" />
<link rel="canonical" href="https://richemont.swiss/fr/entreprise/organisation/" />
<meta property="og:locale" content="fr_FR" />
<meta property="og:type" content="article" />
<meta property="og:title" content="Nous nous présentons" />
<meta property="og:description" content="Organisation: Richemont se compose de deux sociétés juridiquement indépendantes - Fondation Richemont et Richemont prestations SA." />
<meta property="og:url" content="https://richemont.swiss/fr/entreprise/organisation/" />
<meta property="og:site_name" content="Richemont" />
<meta property="article:modified_time" content="2026-04-24T12:31:20+00:00" />
<meta property="og:image" content="https://richemont.swiss/wp-content/uploads/2022/10/richemont_unternehmen_fachschule_49-scaled.jpg" />
	<meta property="og:image:width" content="2560" />
	<meta property="og:image:height" content="1072" />
	<meta property="og:image:type" content="image/jpeg" />
<meta name="twitter:card" content="summary_large_image" />
<meta name="twitter:label1" content="Durée de lecture estimée" />
	<meta name="twitter:data1" content="1 minute" />
<script type="application/ld+json" class="yoast-schema-graph">{"@context":"https://schema.org","@graph":[{"@type":"WebPage","@id":"https://richemont.swiss/fr/entreprise/organisation/","url":"https://richemont.swiss/fr/entreprise/organisation/","name":"Organisation - Nous nous présentons - Richemont école professionnelle","isPartOf":{"@id":"https://richemont.swiss/fr/#website"},"primaryImageOfPage":{"@id":"https://richemont.swiss/fr/entreprise/organisation/#primaryimage"},"image":{"@id":"https://richemont.swiss/fr/entreprise/organisation/#primaryimage"},"thumbnailUrl":"https://richemont.swiss/wp-content/uploads/2022/10/richemont_unternehmen_fachschule_49-scaled.jpg","datePublished":"2019-02-17T09:50:39+00:00","dateModified":"2026-04-24T12:31:20+00:00","description":"Organisation: Richemont se compose de deux sociétés juridiquement indépendantes - Fondation Richemont et Richemont prestations SA.","breadcrumb":{"@id":"https://richemont.swiss/fr/entreprise/organisation/#breadcrumb"},"inLanguage":"fr-FR","potentialAction":[{"@type":"ReadAction","target":["https://richemont.swiss/fr/entreprise/organisation/"]}]},{"@type":"ImageObject","inLanguage":"fr-FR","@id":"https://richemont.swiss/fr/entreprise/organisation/#primaryimage","url":"https://richemont.swiss/wp-content/uploads/2022/10/richemont_unternehmen_fachschule_49-scaled.jpg","contentUrl":"https://richemont.swiss/wp-content/uploads/2022/10/richemont_unternehmen_fachschule_49-scaled.jpg","width":2560,"height":1072},{"@type":"BreadcrumbList","@id":"https://richemont.swiss/fr/entreprise/organisation/#breadcrumb","itemListElement":[{"@type":"ListItem","position":1,"name":"Home","item":"https://richemont.swiss/fr/"},{"@type":"ListItem","position":2,"name":"Richemont centre de compétences","item":"https://richemont.swiss/fr/entreprise/"},{"@type":"ListItem","position":3,"name":"Nous nous présentons"}]},{"@type":"WebSite","@id":"https://richemont.swiss/fr/#website","url":"https://richemont.swiss/fr/","name":"Richemont","description":"","potentialAction":[{"@type":"SearchAction","target":{"@type":"EntryPoint","urlTemplate":"https://richemont.swiss/fr/?s={search_term_string}"},"query-input":{"@type":"PropertyValueSpecification","valueRequired":true,"valueName":"search_term_string"}}],"inLanguage":"fr-FR"}]}</script>
<!-- / Yoast SEO Premium plugin. -->

Organisation - Nous nous présentons - Richemont école professionnelle

Organisation: Richemont se compose de deux sociétés juridiquement indépendantes - Fondation Richemont et Richemont prestations SA.

Richemont centre de compétences
